{"id":1379,"date":"2024-07-15T10:28:27","date_gmt":"2024-07-15T10:28:27","guid":{"rendered":"https:\/\/dogsandfoods.com\/?page_id=1379"},"modified":"2024-08-12T16:30:45","modified_gmt":"2024-08-12T16:30:45","slug":"heilen-unterstutzen-und-vorbeugen-auf-naturliche-und-sanfte-weise","status":"publish","type":"page","link":"https:\/\/dogsandfoods.com\/index.php\/heilen-unterstutzen-und-vorbeugen-auf-naturliche-und-sanfte-weise\/","title":{"rendered":"Naturheilkundliche Beratung f\u00fcr Hunde"},"content":{"rendered":"\n<h2 class=\"wp-block-heading\">Dauer der Beratung<\/h2>\n\n\n\n<p class=\"has-medium-font-size\">Eine naturheilkundliche Beratung f\u00fcr Hunde ist ein umfassender Prozess, der individuell auf die Bed\u00fcrfnisse deines Vierbeiners abgestimmt ist. <\/p>\n\n\n\n<p class=\"has-medium-font-size\">In leichten F\u00e4llen oder pr\u00e4ventiv gen\u00fcgt es oft eine einzige Beratung. <\/p>\n\n\n\n<p class=\"has-medium-font-size\">F\u00fcr Hunden mit komplexen Krankheitsbildern, die unter schweren Krankheiten leiden oder lange Krankheitsgeschichte haben, biete ich zwei weiteren Beratungspakete an (s. weiter unten).<\/p>\n\n\n\n<h2 class=\"wp-block-heading\">Wichtig!<\/h2>\n\n\n\n<p class=\"has-medium-font-size\">Sei dir bewusst: Je l\u00e4nger ein Hund unter Symptomen leidet und je mehr Medikamente er eingenommen hat, desto l\u00e4nger dauert die naturheilkundliche Behandlung. <mark style=\"background-color:rgba(0, 0, 0, 0)\" class=\"has-inline-color has-boulder-color\"><strong>Naturheilmittel sind wirksam, ben\u00f6tigen aber Zeit. <\/strong><\/mark>W\u00e4hrend z.B. Kortison schnell wirkt, hat es langfristige Nebenwirkungen. Naturheilkunde wirkt langsam, daf\u00fcr nachhaltig und fast ohne Nebenwirkungen. Geduld und Kontinuit\u00e4t sind der Schl\u00fcssel zu einer erfolgreichen nat\u00fcrlichen Heilung.<\/p>\n\n\n\n<h2 class=\"wp-block-heading\">Ablauf<\/h2>\n\n\n\n<p class=\"has-medium-font-size\" style=\"padding-top:0;padding-right:0;padding-bottom:0;padding-left:0\"><strong>Anamnese und Analyse<\/strong>: Der erste Schritt in der naturheilkundlichen Beratung ist die gr\u00fcndliche Anamnese. Wir erfassen die Krankheitsgeschichte deines Hundes und analysieren alle vorhandenen Ergebnisse, einschliesslich Blutbild, R\u00f6ntgenaufnahmen, Magenspiegelung, Biopsie und weiteren medizinischen  Untersuchungen.<\/p>\n\n\n\n<p class=\"has-medium-font-size\" style=\"padding-top:0;padding-right:0;padding-bottom:0;padding-left:0\"><strong>Erstellung der Therapiepl\u00e4ne:<\/strong> Die umfassende Analyse bildet die Grundlage f\u00fcr die Erstellung eines individuellen Therapieplans. Ob dein Hund phytotherapeutisch, mit Mykotherapie und\/oder ern\u00e4hrungsbasierten Heilmittel behandelt wird, h\u00e4ngt von seinem Zustand und seinem Krankheitsbild ab.<\/p>\n\n\n\n<p class=\"has-medium-font-size\" style=\"padding-top:0;padding-right:0;padding-bottom:0;padding-left:0\"><strong>Regelm\u00e4ssige \u00dcberpr\u00fcfung und Anpassung<\/strong>: Nach etwa  zwei Wochen bitte ich dich, mir zu berichten, wie es dem Hund geht. Bei Bedarf wird der Therapieplan \u00fcberpr\u00fcft und angepasst.<\/p>\n\n\n\n<ol class=\"wp-block-list\"><\/ol>\n\n\n\n<h2 class=\"wp-block-heading\">Preise<\/h2>\n\n\n\n<p class=\"has-medium-font-size\">Ich biete drei Beratungspakete an (s. <a href=\"https:\/\/dogsandfoods.com\/index.php\/preisliste\/\">Preisliste)<\/a>:<\/p>\n\n\n\n<ul class=\"wp-block-list\">\n<li class=\"has-medium-font-size\"><mark style=\"background-color:rgba(0, 0, 0, 0)\" class=\"has-inline-color has-boulder-color\"><strong>Basispaket<\/strong> <strong>Pr\u00e4vention<\/strong><\/mark> &#8211; eine Beratung (ca. 60-90 Minuten). Das Paket ist optimal f\u00fcr pr\u00e4ventive Massnahmen, um das Risiko von Darmbeschwerden, Fettleibigkeit, Gelenkproblemen, Hautkrankheiten und mehr zu reduzieren.<\/li>\n\n\n\n<li class=\"has-medium-font-size\"><mark style=\"background-color:rgba(0, 0, 0, 0)\" class=\"has-inline-color has-boulder-color\"><strong>Standard-Paket <\/strong><\/mark>&#8211; drei Beratungen (ca. drei bis vier Stunden). Das Paket ist f\u00fcr Hunde gedacht, die sporadische, noch nicht ausgepr\u00e4gte Probleme haben.<\/li>\n\n\n\n<li class=\"has-medium-font-size\"><strong><mark style=\"background-color:rgba(0, 0, 0, 0)\" class=\"has-inline-color has-boulder-color\">Premium-Paket<\/mark><\/strong> &#8211; sechs Beratungen (ca. sechs bis sieben Stunden). Das Paket ist f\u00fcr die intensive Begleitung von schwer oder chronisch kranken Hunden mit langen Leidensgeschichte gedacht.<\/li>\n<\/ul>\n\n\n\n<p class=\"has-medium-font-size\" style=\"padding-top:0\">Als Kundin bzw. Kunde kannst du dich jederzeit mit Fragen und Anliegen an mich wenden. Ich bin f\u00fcr dich da, um dich und deinen Hund bestm\u00f6glich zu unterst\u00fctzen und durch den gesamten Prozess zu begleiten.<\/p>\n\n\n\n<p class=\"has-medium-font-size\"><a href=\"https:\/\/dogsandfoods.com\/index.php\/contact\/\">Kontaktiere mich,<\/a> wenn du Fragen hast oder um mehr \u00fcber meine Beratungsangebote unverbindlich erfahren m\u00f6chtest. <\/p>\n\n\n\n<div class=\"wp-block-buttons is-layout-flex wp-block-buttons-is-layout-flex\">\n<div class=\"wp-block-button\"><a class=\"wp-block-button__link wp-element-button\" href=\"https:\/\/dogsandfoods.com\/index.php\/beratung\/\">Zur\u00fcck zu den Dienstleistungen<\/a><\/div>\n<\/div>\n","protected":false},"excerpt":{"rendered":"<p>Dauer der Beratung Eine naturheilkundliche Beratung f\u00fcr Hunde ist ein umfassender Prozess, der individuell auf die Bed\u00fcrfnisse deines Vierbeiners abgestimmt ist. In leichten F\u00e4llen oder pr\u00e4ventiv gen\u00fcgt es oft eine einzige Beratung. F\u00fcr Hunden mit komplexen Krankheitsbildern, die unter schweren Krankheiten leiden oder lange Krankheitsgeschichte haben, biete ich zwei weiteren Beratungspakete an (s. weiter unten). Wichtig! Sei dir bewusst: Je l\u00e4nger ein Hund unter Symptomen leidet und je mehr Medikamente er eingenommen hat, desto l\u00e4nger dauert die naturheilkundliche Behandlung. Naturheilmittel sind wirksam, ben\u00f6tigen aber Zeit. W\u00e4hrend z.B. Kortison schnell wirkt, hat es langfristige Nebenwirkungen. Naturheilkunde wirkt langsam, daf\u00fcr nachhaltig und fast ohne Nebenwirkungen. Geduld und Kontinuit\u00e4t sind der Schl\u00fcssel zu einer erfolgreichen nat\u00fcrlichen Heilung. Ablauf Anamnese und Analyse: Der erste Schritt in der naturheilkundlichen Beratung ist die gr\u00fcndliche Anamnese. Wir erfassen die Krankheitsgeschichte deines Hundes und analysieren alle vorhandenen Ergebnisse, einschliesslich Blutbild, R\u00f6ntgenaufnahmen, Magenspiegelung, Biopsie und weiteren medizinischen Untersuchungen. Erstellung der Therapiepl\u00e4ne: Die umfassende Analyse bildet die Grundlage f\u00fcr die Erstellung eines individuellen Therapieplans. Ob dein Hund phytotherapeutisch, mit Mykotherapie und\/oder ern\u00e4hrungsbasierten Heilmittel behandelt wird, h\u00e4ngt von seinem Zustand und seinem Krankheitsbild ab. Regelm\u00e4ssige \u00dcberpr\u00fcfung und Anpassung: Nach etwa zwei Wochen bitte ich dich, mir zu berichten, wie es dem Hund geht. Bei Bedarf wird der Therapieplan \u00fcberpr\u00fcft und angepasst. Preise Ich biete drei Beratungspakete an (s. Preisliste): Als Kundin bzw. Kunde kannst du dich jederzeit mit Fragen und Anliegen an mich wenden. Ich bin f\u00fcr dich da, um dich und deinen Hund bestm\u00f6glich zu unterst\u00fctzen und durch den gesamten Prozess zu begleiten. Kontaktiere mich, wenn du Fragen hast oder um mehr \u00fcber meine Beratungsangebote unverbindlich erfahren m\u00f6chtest.<\/p>\n","protected":false},"author":2,"featured_media":0,"parent":0,"menu_order":0,"comment_status":"closed","ping_status":"closed","template":"","meta":{"_glsr_average":0,"_glsr_ranking":0,"_glsr_reviews":0,"footnotes":""},"class_list":["post-1379","page","type-page","status-publish","hentry"],"acf":[],"yoast_head":"<!-- This site is optimized with the Yoast SEO plugin v27.5 - https:\/\/yoast.com\/product\/yoast-seo-wordpress\/ -->\n<title>Naturheilkundliche Beratung f\u00fcr Hunde - DOGS AND FOODS<\/title>\n<meta name=\"robots\" content=\"index, follow, max-snippet:-1, max-image-preview:large, max-video-preview:-1\" \/>\n<link rel=\"canonical\" href=\"https:\/\/dogsandfoods.com\/index.php\/heilen-unterstutzen-und-vorbeugen-auf-naturliche-und-sanfte-weise\/\" \/>\n<meta property=\"og:locale\" content=\"de_DE\" \/>\n<meta property=\"og:type\" content=\"article\" \/>\n<meta property=\"og:title\" content=\"Naturheilkundliche Beratung f\u00fcr Hunde - DOGS AND FOODS\" \/>\n<meta property=\"og:description\" content=\"Dauer der Beratung Eine naturheilkundliche Beratung f\u00fcr Hunde ist ein umfassender Prozess, der individuell auf die Bed\u00fcrfnisse deines Vierbeiners abgestimmt ist. In leichten F\u00e4llen oder pr\u00e4ventiv gen\u00fcgt es oft eine einzige Beratung. F\u00fcr Hunden mit komplexen Krankheitsbildern, die unter schweren Krankheiten leiden oder lange Krankheitsgeschichte haben, biete ich zwei weiteren Beratungspakete an (s. weiter unten). Wichtig! Sei dir bewusst: Je l\u00e4nger ein Hund unter Symptomen leidet und je mehr Medikamente er eingenommen hat, desto l\u00e4nger dauert die naturheilkundliche Behandlung. Naturheilmittel sind wirksam, ben\u00f6tigen aber Zeit. W\u00e4hrend z.B. Kortison schnell wirkt, hat es langfristige Nebenwirkungen. Naturheilkunde wirkt langsam, daf\u00fcr nachhaltig und fast ohne Nebenwirkungen. Geduld und Kontinuit\u00e4t sind der Schl\u00fcssel zu einer erfolgreichen nat\u00fcrlichen Heilung. Ablauf Anamnese und Analyse: Der erste Schritt in der naturheilkundlichen Beratung ist die gr\u00fcndliche Anamnese. Wir erfassen die Krankheitsgeschichte deines Hundes und analysieren alle vorhandenen Ergebnisse, einschliesslich Blutbild, R\u00f6ntgenaufnahmen, Magenspiegelung, Biopsie und weiteren medizinischen Untersuchungen. Erstellung der Therapiepl\u00e4ne: Die umfassende Analyse bildet die Grundlage f\u00fcr die Erstellung eines individuellen Therapieplans. Ob dein Hund phytotherapeutisch, mit Mykotherapie und\/oder ern\u00e4hrungsbasierten Heilmittel behandelt wird, h\u00e4ngt von seinem Zustand und seinem Krankheitsbild ab. Regelm\u00e4ssige \u00dcberpr\u00fcfung und Anpassung: Nach etwa zwei Wochen bitte ich dich, mir zu berichten, wie es dem Hund geht. Bei Bedarf wird der Therapieplan \u00fcberpr\u00fcft und angepasst. Preise Ich biete drei Beratungspakete an (s. Preisliste): Als Kundin bzw. Kunde kannst du dich jederzeit mit Fragen und Anliegen an mich wenden. Ich bin f\u00fcr dich da, um dich und deinen Hund bestm\u00f6glich zu unterst\u00fctzen und durch den gesamten Prozess zu begleiten. Kontaktiere mich, wenn du Fragen hast oder um mehr \u00fcber meine Beratungsangebote unverbindlich erfahren m\u00f6chtest.\" \/>\n<meta property=\"og:url\" content=\"https:\/\/dogsandfoods.com\/index.php\/heilen-unterstutzen-und-vorbeugen-auf-naturliche-und-sanfte-weise\/\" \/>\n<meta property=\"og:site_name\" content=\"DOGS AND FOODS\" \/>\n<meta property=\"article:modified_time\" content=\"2024-08-12T16:30:45+00:00\" \/>\n<meta name=\"twitter:card\" content=\"summary_large_image\" \/>\n<meta name=\"twitter:label1\" content=\"Gesch\u00e4tzte Lesezeit\" \/>\n\t<meta name=\"twitter:data1\" content=\"2\u00a0Minuten\" \/>\n<script type=\"application\/ld+json\" class=\"yoast-schema-graph\">{\"@context\":\"https:\\\/\\\/schema.org\",\"@graph\":[{\"@type\":\"WebPage\",\"@id\":\"https:\\\/\\\/dogsandfoods.com\\\/index.php\\\/heilen-unterstutzen-und-vorbeugen-auf-naturliche-und-sanfte-weise\\\/\",\"url\":\"https:\\\/\\\/dogsandfoods.com\\\/index.php\\\/heilen-unterstutzen-und-vorbeugen-auf-naturliche-und-sanfte-weise\\\/\",\"name\":\"Naturheilkundliche Beratung f\u00fcr Hunde - DOGS AND FOODS\",\"isPartOf\":{\"@id\":\"https:\\\/\\\/dogsandfoods.com\\\/#website\"},\"datePublished\":\"2024-07-15T10:28:27+00:00\",\"dateModified\":\"2024-08-12T16:30:45+00:00\",\"breadcrumb\":{\"@id\":\"https:\\\/\\\/dogsandfoods.com\\\/index.php\\\/heilen-unterstutzen-und-vorbeugen-auf-naturliche-und-sanfte-weise\\\/#breadcrumb\"},\"inLanguage\":\"de-CH\",\"potentialAction\":[{\"@type\":\"ReadAction\",\"target\":[\"https:\\\/\\\/dogsandfoods.com\\\/index.php\\\/heilen-unterstutzen-und-vorbeugen-auf-naturliche-und-sanfte-weise\\\/\"]}]},{\"@type\":\"BreadcrumbList\",\"@id\":\"https:\\\/\\\/dogsandfoods.com\\\/index.php\\\/heilen-unterstutzen-und-vorbeugen-auf-naturliche-und-sanfte-weise\\\/#breadcrumb\",\"itemListElement\":[{\"@type\":\"ListItem\",\"position\":1,\"name\":\"Home\",\"item\":\"https:\\\/\\\/dogsandfoods.com\\\/\"},{\"@type\":\"ListItem\",\"position\":2,\"name\":\"Naturheilkundliche Beratung f\u00fcr Hunde\"}]},{\"@type\":\"WebSite\",\"@id\":\"https:\\\/\\\/dogsandfoods.com\\\/#website\",\"url\":\"https:\\\/\\\/dogsandfoods.com\\\/\",\"name\":\"dogsandfoods.com\",\"description\":\"Gesunde nat\u00fcrliche Hundeern\u00e4hrung\",\"publisher\":{\"@id\":\"https:\\\/\\\/dogsandfoods.com\\\/#organization\"},\"potentialAction\":[{\"@type\":\"SearchAction\",\"target\":{\"@type\":\"EntryPoint\",\"urlTemplate\":\"https:\\\/\\\/dogsandfoods.com\\\/?s={search_term_string}\"},\"query-input\":{\"@type\":\"PropertyValueSpecification\",\"valueRequired\":true,\"valueName\":\"search_term_string\"}}],\"inLanguage\":\"de-CH\"},{\"@type\":\"Organization\",\"@id\":\"https:\\\/\\\/dogsandfoods.com\\\/#organization\",\"name\":\"Dogs and Foods\",\"url\":\"https:\\\/\\\/dogsandfoods.com\\\/\",\"logo\":{\"@type\":\"ImageObject\",\"inLanguage\":\"de-CH\",\"@id\":\"https:\\\/\\\/dogsandfoods.com\\\/#\\\/schema\\\/logo\\\/image\\\/\",\"url\":\"\",\"contentUrl\":\"\",\"caption\":\"Dogs and Foods\"},\"image\":{\"@id\":\"https:\\\/\\\/dogsandfoods.com\\\/#\\\/schema\\\/logo\\\/image\\\/\"}}]}<\/script>\n<!-- \/ Yoast SEO plugin. -->","yoast_head_json":{"title":"Naturheilkundliche Beratung f\u00fcr Hunde - DOGS AND FOODS","robots":{"index":"index","follow":"follow","max-snippet":"max-snippet:-1","max-image-preview":"max-image-preview:large","max-video-preview":"max-video-preview:-1"},"canonical":"https:\/\/dogsandfoods.com\/index.php\/heilen-unterstutzen-und-vorbeugen-auf-naturliche-und-sanfte-weise\/","og_locale":"de_DE","og_type":"article","og_title":"Naturheilkundliche Beratung f\u00fcr Hunde - DOGS AND FOODS","og_description":"Dauer der Beratung Eine naturheilkundliche Beratung f\u00fcr Hunde ist ein umfassender Prozess, der individuell auf die Bed\u00fcrfnisse deines Vierbeiners abgestimmt ist. In leichten F\u00e4llen oder pr\u00e4ventiv gen\u00fcgt es oft eine einzige Beratung. F\u00fcr Hunden mit komplexen Krankheitsbildern, die unter schweren Krankheiten leiden oder lange Krankheitsgeschichte haben, biete ich zwei weiteren Beratungspakete an (s. weiter unten). Wichtig! Sei dir bewusst: Je l\u00e4nger ein Hund unter Symptomen leidet und je mehr Medikamente er eingenommen hat, desto l\u00e4nger dauert die naturheilkundliche Behandlung. Naturheilmittel sind wirksam, ben\u00f6tigen aber Zeit. W\u00e4hrend z.B. Kortison schnell wirkt, hat es langfristige Nebenwirkungen. Naturheilkunde wirkt langsam, daf\u00fcr nachhaltig und fast ohne Nebenwirkungen. Geduld und Kontinuit\u00e4t sind der Schl\u00fcssel zu einer erfolgreichen nat\u00fcrlichen Heilung. Ablauf Anamnese und Analyse: Der erste Schritt in der naturheilkundlichen Beratung ist die gr\u00fcndliche Anamnese. Wir erfassen die Krankheitsgeschichte deines Hundes und analysieren alle vorhandenen Ergebnisse, einschliesslich Blutbild, R\u00f6ntgenaufnahmen, Magenspiegelung, Biopsie und weiteren medizinischen Untersuchungen. Erstellung der Therapiepl\u00e4ne: Die umfassende Analyse bildet die Grundlage f\u00fcr die Erstellung eines individuellen Therapieplans. Ob dein Hund phytotherapeutisch, mit Mykotherapie und\/oder ern\u00e4hrungsbasierten Heilmittel behandelt wird, h\u00e4ngt von seinem Zustand und seinem Krankheitsbild ab. Regelm\u00e4ssige \u00dcberpr\u00fcfung und Anpassung: Nach etwa zwei Wochen bitte ich dich, mir zu berichten, wie es dem Hund geht. Bei Bedarf wird der Therapieplan \u00fcberpr\u00fcft und angepasst. Preise Ich biete drei Beratungspakete an (s. Preisliste): Als Kundin bzw. Kunde kannst du dich jederzeit mit Fragen und Anliegen an mich wenden. Ich bin f\u00fcr dich da, um dich und deinen Hund bestm\u00f6glich zu unterst\u00fctzen und durch den gesamten Prozess zu begleiten. Kontaktiere mich, wenn du Fragen hast oder um mehr \u00fcber meine Beratungsangebote unverbindlich erfahren m\u00f6chtest.","og_url":"https:\/\/dogsandfoods.com\/index.php\/heilen-unterstutzen-und-vorbeugen-auf-naturliche-und-sanfte-weise\/","og_site_name":"DOGS AND FOODS","article_modified_time":"2024-08-12T16:30:45+00:00","twitter_card":"summary_large_image","twitter_misc":{"Gesch\u00e4tzte Lesezeit":"2\u00a0Minuten"},"schema":{"@context":"https:\/\/schema.org","@graph":[{"@type":"WebPage","@id":"https:\/\/dogsandfoods.com\/index.php\/heilen-unterstutzen-und-vorbeugen-auf-naturliche-und-sanfte-weise\/","url":"https:\/\/dogsandfoods.com\/index.php\/heilen-unterstutzen-und-vorbeugen-auf-naturliche-und-sanfte-weise\/","name":"Naturheilkundliche Beratung f\u00fcr Hunde - DOGS AND FOODS","isPartOf":{"@id":"https:\/\/dogsandfoods.com\/#website"},"datePublished":"2024-07-15T10:28:27+00:00","dateModified":"2024-08-12T16:30:45+00:00","breadcrumb":{"@id":"https:\/\/dogsandfoods.com\/index.php\/heilen-unterstutzen-und-vorbeugen-auf-naturliche-und-sanfte-weise\/#breadcrumb"},"inLanguage":"de-CH","potentialAction":[{"@type":"ReadAction","target":["https:\/\/dogsandfoods.com\/index.php\/heilen-unterstutzen-und-vorbeugen-auf-naturliche-und-sanfte-weise\/"]}]},{"@type":"BreadcrumbList","@id":"https:\/\/dogsandfoods.com\/index.php\/heilen-unterstutzen-und-vorbeugen-auf-naturliche-und-sanfte-weise\/#breadcrumb","itemListElement":[{"@type":"ListItem","position":1,"name":"Home","item":"https:\/\/dogsandfoods.com\/"},{"@type":"ListItem","position":2,"name":"Naturheilkundliche Beratung f\u00fcr Hunde"}]},{"@type":"WebSite","@id":"https:\/\/dogsandfoods.com\/#website","url":"https:\/\/dogsandfoods.com\/","name":"dogsandfoods.com","description":"Gesunde nat\u00fcrliche Hundeern\u00e4hrung","publisher":{"@id":"https:\/\/dogsandfoods.com\/#organization"},"potentialAction":[{"@type":"SearchAction","target":{"@type":"EntryPoint","urlTemplate":"https:\/\/dogsandfoods.com\/?s={search_term_string}"},"query-input":{"@type":"PropertyValueSpecification","valueRequired":true,"valueName":"search_term_string"}}],"inLanguage":"de-CH"},{"@type":"Organization","@id":"https:\/\/dogsandfoods.com\/#organization","name":"Dogs and Foods","url":"https:\/\/dogsandfoods.com\/","logo":{"@type":"ImageObject","inLanguage":"de-CH","@id":"https:\/\/dogsandfoods.com\/#\/schema\/logo\/image\/","url":"","contentUrl":"","caption":"Dogs and Foods"},"image":{"@id":"https:\/\/dogsandfoods.com\/#\/schema\/logo\/image\/"}}]}},"_links":{"self":[{"href":"https:\/\/dogsandfoods.com\/index.php\/wp-json\/wp\/v2\/pages\/1379","targetHints":{"allow":["GET"]}}],"collection":[{"href":"https:\/\/dogsandfoods.com\/index.php\/wp-json\/wp\/v2\/pages"}],"about":[{"href":"https:\/\/dogsandfoods.com\/index.php\/wp-json\/wp\/v2\/types\/page"}],"author":[{"embeddable":true,"href":"https:\/\/dogsandfoods.com\/index.php\/wp-json\/wp\/v2\/users\/2"}],"replies":[{"embeddable":true,"href":"https:\/\/dogsandfoods.com\/index.php\/wp-json\/wp\/v2\/comments?post=1379"}],"version-history":[{"count":0,"href":"https:\/\/dogsandfoods.com\/index.php\/wp-json\/wp\/v2\/pages\/1379\/revisions"}],"wp:attachment":[{"href":"https:\/\/dogsandfoods.com\/index.php\/wp-json\/wp\/v2\/media?parent=1379"}],"curies":[{"name":"wp","href":"https:\/\/api.w.org\/{rel}","templated":true}]}}