{"id":1445,"date":"2024-07-16T13:18:34","date_gmt":"2024-07-16T13:18:34","guid":{"rendered":"https:\/\/dogsandfoods.com\/?page_id=1445"},"modified":"2025-01-01T11:02:08","modified_gmt":"2025-01-01T11:02:08","slug":"meine-vision-meine-werte-und-meine-ziele","status":"publish","type":"page","link":"https:\/\/dogsandfoods.com\/index.php\/willkommen-auf-dogs-and-foods\/meine-vision-meine-werte-und-meine-ziele\/","title":{"rendered":"Meine Vision &#8211; meine Werte und meine Ziele"},"content":{"rendered":"\n<h2 class=\"wp-block-heading\">Wie alles begann<\/h2>\n\n\n\n<p class=\"has-medium-font-size\">In meinem \u201efr\u00fcheren Leben\u201c, vor meiner Ausbildung zur Expertin f\u00fcr Naturheilkunde f\u00fcr Tiere und Ern\u00e4hrungsberaterin, habe ich diese Themen nur am Rande verfolgt. Als mein erster Hund, Ezechiele \u2013 meine grosse Liebe \u2013 schwer erkrankte, ver\u00e4nderte sich mein Leben grundlegend. Ezechiele litt unter IBD,<strong> <\/strong>starken n\u00e4chtlichen Durchf\u00e4llen, stumpfen Fell, Entz\u00fcndungen in der Maulh\u00f6hle und sp\u00e4ter an Niereninsuffizienz. Diese Herausforderungen f\u00fchrten dazu, dass ich mich intensiv mit gesunder Hundeern\u00e4hrung und alternativen Heilmethoden auseinandersetzte.<\/p>\n\n\n\n<p class=\"has-medium-font-size\">Unsere Odyssee durch die Tierkliniken endete mit der Empfehlung, ihn einschl\u00e4fern zu lassen. In unserer Verzweiflung fanden wir zwei Tier\u00e4rzte, die ganzheitlich behandelten. Dank ihnen lernten wir, wie wir ihm zu Hause Infusionen geben konnten und welche Naturheilmittel wie Kr\u00e4uter und Vitalpilze ihm halfen. Diese Erfahrungen pr\u00e4gten meine Vision, Werte und Ziele und weckten meine Leidenschaft f\u00fcr die Naturheilkunde.<\/p>\n\n\n\n<h2 class=\"wp-block-heading\">Meine Vision<\/h2>\n\n\n\n<p class=\"has-medium-font-size\">Mein Motto lautet: &#171;<mark style=\"background-color:rgba(0, 0, 0, 0)\" class=\"has-inline-color has-boulder-color\"><strong>Hundeern\u00e4hrung mit Herz und Verstand&#187;<\/strong><\/mark>. Ich verbinde leidenschaftlich gesunde Hundeern\u00e4hrung und Naturheilkunde mit fundierter Expertise. Aus pers\u00f6nlicher Erfahrung weiss ich, wie belastend es ist, einen kranken Hund zu haben. Diese Erfahrungen motivieren mich, anderen Hundebesitzern und ihren Vierbeinern zu helfen.<\/p>\n\n\n\n<h2 class=\"wp-block-heading\">Meine Werte<\/h2>\n\n\n\n<p class=\"has-medium-font-size\" style=\"padding-top:var(--wp--preset--spacing--30);padding-right:var(--wp--preset--spacing--20);padding-bottom:var(--wp--preset--spacing--30);padding-left:var(--wp--preset--spacing--20)\"><strong><mark style=\"background-color:rgba(0, 0, 0, 0)\" class=\"has-inline-color has-boulder-color\">Integrit\u00e4t und Vertrauen<\/mark>:<\/strong> Transparenz und Ehrlichkeit sind f\u00fcr mich essentiell, um gegenseitiges Vertrauen aufzubauen.<\/p>\n\n\n\n<p class=\"has-medium-font-size\" style=\"padding-top:var(--wp--preset--spacing--30);padding-right:var(--wp--preset--spacing--20);padding-bottom:var(--wp--preset--spacing--30);padding-left:var(--wp--preset--spacing--20)\"><strong><mark style=\"background-color:rgba(0, 0, 0, 0)\" class=\"has-inline-color has-boulder-color\">Fachliche Kompetenz:<\/mark><\/strong> St\u00e4ndige Weiterbildung und fundierte Fachkenntnisse sind f\u00fcr mich selbstverst\u00e4ndlich, um die bestm\u00f6gliche Betreuung und Beratung zu gew\u00e4hrleisten.<\/p>\n\n\n\n<p class=\"has-medium-font-size\" style=\"padding-top:var(--wp--preset--spacing--30);padding-right:var(--wp--preset--spacing--20);padding-bottom:var(--wp--preset--spacing--30);padding-left:var(--wp--preset--spacing--20)\"><strong><mark style=\"background-color:rgba(0, 0, 0, 0)\" class=\"has-inline-color has-boulder-color\">Nachhaltigkeit und Ethik:<\/mark><\/strong><mark style=\"background-color:rgba(0, 0, 0, 0)\" class=\"has-inline-color has-black-color\"> <\/mark>Mein Fokus liegt auf Naturprodukte, vorzugsweise lokaler Herkunft, die umweltfreundlich und f\u00fcr alle zug\u00e4nglich sind.<\/p>\n\n\n\n<p class=\"has-medium-font-size\" style=\"padding-top:var(--wp--preset--spacing--30);padding-right:var(--wp--preset--spacing--20);padding-bottom:var(--wp--preset--spacing--30);padding-left:var(--wp--preset--spacing--20)\"><strong><mark style=\"background-color:rgba(0, 0, 0, 0)\" class=\"has-inline-color has-boulder-color\">Empathie und Mitgef\u00fchl:<\/mark><\/strong> Ich weiss, wie es ist, einen kranken Hund zu haben. Deshalb ist es mir wichtig, dich in schwierigen Phasen zu unterst\u00fctzen und dir zu helfen, deinen Hund so lange wie m\u00f6glich gesund zu erhalten.Meine Ziele<\/p>\n\n\n\n<p class=\"has-medium-font-size\">Ich m\u00f6chte Hundebesitzern helfen, ihre Hunde gesund zu ern\u00e4hren und deren Lebensqualit\u00e4t zu steigern. <\/p>\n\n\n\n<p class=\"has-medium-font-size\"><mark style=\"background-color:rgba(0, 0, 0, 0)\" class=\"has-inline-color has-boulder-color\"><strong>Ich bin unabh\u00e4ngig und verkaufe keine Produkte<\/strong>.<\/mark> Meine Empfehlungen basieren allein auf meinem Wissen und meinen positiven Erfahrungen.<\/p>\n\n\n\n<p class=\"has-medium-font-size\">Beidseitige Transparenz und Ehrlichkeit sind dabei zentral, um sicherzustellen, dass das Wohl des Hundes stets im Mittelpunkt steht.<\/p>\n\n\n\n<h2 class=\"wp-block-heading\">Meine Zukunftspl\u00e4ne<\/h2>\n\n\n\n<p class=\"has-medium-font-size\">Derzeit biete ich <mark style=\"background-color:rgba(0, 0, 0, 0)\" class=\"has-inline-color has-boulder-color\">pers\u00f6nliche Beratungen<\/mark> f\u00fcr Hundebesitzer, um spezifische Bed\u00fcrfnisse und Herausforderungen zu besprechen.<\/p>\n\n\n\n<p class=\"has-medium-font-size\">Gleichzeitig arbeite ich daran, ein Netzwerk von Hundebesitzern zu schaffen, das gegenseitige Unterst\u00fctzung und Wissensaustausch f\u00f6rdert. Auf Instagram,  Facebook und Pinterest m\u00f6chte ich eine Plattform aufbauen, wo Hundebesitzer ihre Erfahrungen teilen, Fragen stellen und Ratschl\u00e4ge geben. Auch Veranstaltungen zu Themen der Hundeern\u00e4hrung und Naturheilkunde stehen auf meiner Wunschliste.<\/p>\n\n\n\n<p class=\"has-boulder-color has-text-color has-link-color has-medium-font-size wp-elements-f831d2c4f4d56e1e131f951c3d01369c\">Diese Pl\u00e4ne sind ein wichtiger Schritt, um mein Wunsch einer unterst\u00fctzenden Gemeinschaft von Hundebesitzern zu realisieren, die gemeinsam zum Wohl ihrer Tiere beitragen.<\/p>\n\n\n\n<p class=\"has-boulder-color has-text-color has-link-color has-medium-font-size wp-elements-38c5c35780b525f6fcd57e4d4d5d7a15\">Hast du Fragen oder m\u00f6chtest du mehr \u00fcber mich wissen? Z\u00f6gere nicht, mich zu <a href=\"https:\/\/dogsandfoods.com\/index.php\/kontakt\/\"><strong>kontaktieren<\/strong><\/a>.<\/p>\n\n\n\n<p class=\"has-black-color has-text-color has-link-color has-medium-font-size wp-elements-73771de4b815944c4c38b3349375d184\"><em><mark style=\"background-color:rgba(0, 0, 0, 0)\" class=\"has-inline-color has-boulder-color\">P.S: Falls du neugierig bist, wie die zwei Tier\u00e4rzte heissen, die mein Leben ver\u00e4ndert haben, <a href=\"https:\/\/www.aloha-kleintierpraxis.ch\/\">hier f<\/a>indest du den Link zu ihrer Kleintierpraxis.<\/mark><\/em><\/p>\n","protected":false},"excerpt":{"rendered":"<p>Wie alles begann In meinem \u201efr\u00fcheren Leben\u201c, vor meiner Ausbildung zur Expertin f\u00fcr Naturheilkunde f\u00fcr Tiere und Ern\u00e4hrungsberaterin, habe ich diese Themen nur am Rande verfolgt. Als mein erster Hund, Ezechiele \u2013 meine grosse Liebe \u2013 schwer erkrankte, ver\u00e4nderte sich mein Leben grundlegend. Ezechiele litt unter IBD, starken n\u00e4chtlichen Durchf\u00e4llen, stumpfen Fell, Entz\u00fcndungen in der Maulh\u00f6hle und sp\u00e4ter an Niereninsuffizienz. Diese Herausforderungen f\u00fchrten dazu, dass ich mich intensiv mit gesunder Hundeern\u00e4hrung und alternativen Heilmethoden auseinandersetzte. Unsere Odyssee durch die Tierkliniken endete mit der Empfehlung, ihn einschl\u00e4fern zu lassen. In unserer Verzweiflung fanden wir zwei Tier\u00e4rzte, die ganzheitlich behandelten. Dank ihnen lernten wir, wie wir ihm zu Hause Infusionen geben konnten und welche Naturheilmittel wie Kr\u00e4uter und Vitalpilze ihm halfen. Diese Erfahrungen pr\u00e4gten meine Vision, Werte und Ziele und weckten meine Leidenschaft f\u00fcr die Naturheilkunde. Meine Vision Mein Motto lautet: &#171;Hundeern\u00e4hrung mit Herz und Verstand&#187;. Ich verbinde leidenschaftlich gesunde Hundeern\u00e4hrung und Naturheilkunde mit fundierter Expertise. Aus pers\u00f6nlicher Erfahrung weiss ich, wie belastend es ist, einen kranken Hund zu haben. Diese Erfahrungen motivieren mich, anderen Hundebesitzern und ihren Vierbeinern zu helfen. Meine Werte Integrit\u00e4t und Vertrauen: Transparenz und Ehrlichkeit sind f\u00fcr mich essentiell, um gegenseitiges Vertrauen aufzubauen. Fachliche Kompetenz: St\u00e4ndige Weiterbildung und fundierte Fachkenntnisse sind f\u00fcr mich selbstverst\u00e4ndlich, um die bestm\u00f6gliche Betreuung und Beratung zu gew\u00e4hrleisten. Nachhaltigkeit und Ethik: Mein Fokus liegt auf Naturprodukte, vorzugsweise lokaler Herkunft, die umweltfreundlich und f\u00fcr alle zug\u00e4nglich sind. Empathie und Mitgef\u00fchl: Ich weiss, wie es ist, einen kranken Hund zu haben. Deshalb ist es mir wichtig, dich in schwierigen Phasen zu unterst\u00fctzen und dir zu helfen, deinen Hund so lange wie m\u00f6glich gesund zu erhalten.Meine Ziele Ich m\u00f6chte Hundebesitzern helfen, ihre Hunde gesund zu ern\u00e4hren und deren Lebensqualit\u00e4t zu steigern. Ich bin unabh\u00e4ngig und verkaufe keine Produkte. Meine Empfehlungen basieren allein auf meinem Wissen und meinen positiven Erfahrungen. Beidseitige Transparenz und Ehrlichkeit sind dabei zentral, um sicherzustellen, dass das Wohl des Hundes stets im Mittelpunkt steht. Meine Zukunftspl\u00e4ne Derzeit biete ich pers\u00f6nliche Beratungen f\u00fcr Hundebesitzer, um spezifische Bed\u00fcrfnisse und Herausforderungen zu besprechen. Gleichzeitig arbeite ich daran, ein Netzwerk von Hundebesitzern zu schaffen, das gegenseitige Unterst\u00fctzung und Wissensaustausch f\u00f6rdert. Auf Instagram, Facebook und Pinterest m\u00f6chte ich eine Plattform aufbauen, wo Hundebesitzer ihre Erfahrungen teilen, Fragen stellen und Ratschl\u00e4ge geben. Auch Veranstaltungen zu Themen der Hundeern\u00e4hrung und Naturheilkunde stehen auf meiner Wunschliste. Diese Pl\u00e4ne sind ein wichtiger Schritt, um mein Wunsch einer unterst\u00fctzenden Gemeinschaft von Hundebesitzern zu realisieren, die gemeinsam zum Wohl ihrer Tiere beitragen. Hast du Fragen oder m\u00f6chtest du mehr \u00fcber mich wissen? Z\u00f6gere nicht, mich zu kontaktieren. P.S: Falls du neugierig bist, wie die zwei Tier\u00e4rzte heissen, die mein Leben ver\u00e4ndert haben, hier findest du den Link zu ihrer Kleintierpraxis.<\/p>\n","protected":false},"author":2,"featured_media":582,"parent":81,"menu_order":0,"comment_status":"closed","ping_status":"closed","template":"templates\/about-page.php","meta":{"_glsr_average":0,"_glsr_ranking":0,"_glsr_reviews":0,"footnotes":""},"class_list":["post-1445","page","type-page","status-publish","has-post-thumbnail","hentry"],"acf":[],"yoast_head":"<!-- This site is optimized with the Yoast SEO plugin v27.5 - https:\/\/yoast.com\/product\/yoast-seo-wordpress\/ -->\n<title>Meine Vision, meine Werte und meine Ziele<\/title>\n<meta name=\"description\" content=\"M\u00f6chtest du wissen, welche sind Meine Vision, meine Werte und meine Ziele? In diesem Blogartikel erz\u00e4hle ich, was mich im Berufsalltag bewegt\" \/>\n<meta name=\"robots\" content=\"index, follow, max-snippet:-1, max-image-preview:large, max-video-preview:-1\" \/>\n<link rel=\"canonical\" href=\"https:\/\/dogsandfoods.com\/index.php\/willkommen-auf-dogs-and-foods\/meine-vision-meine-werte-und-meine-ziele\/\" \/>\n<meta property=\"og:locale\" content=\"de_DE\" \/>\n<meta property=\"og:type\" content=\"article\" \/>\n<meta property=\"og:title\" content=\"Meine Vision, meine Werte und meine Ziele\" \/>\n<meta property=\"og:description\" content=\"M\u00f6chtest du wissen, welche sind Meine Vision, meine Werte und meine Ziele? In diesem Blogartikel erz\u00e4hle ich, was mich im Berufsalltag bewegt\" \/>\n<meta property=\"og:url\" content=\"https:\/\/dogsandfoods.com\/index.php\/willkommen-auf-dogs-and-foods\/meine-vision-meine-werte-und-meine-ziele\/\" \/>\n<meta property=\"og:site_name\" content=\"DOGS AND FOODS\" \/>\n<meta property=\"article:modified_time\" content=\"2025-01-01T11:02:08+00:00\" \/>\n<meta property=\"og:image\" content=\"https:\/\/dogsandfoods.com\/wp-content\/uploads\/2024\/06\/51281719-E07E-4478-B090-C9D8761B5051.png\" \/>\n\t<meta property=\"og:image:width\" content=\"320\" \/>\n\t<meta property=\"og:image:height\" content=\"181\" \/>\n\t<meta property=\"og:image:type\" content=\"image\/png\" \/>\n<meta name=\"twitter:card\" content=\"summary_large_image\" \/>\n<meta name=\"twitter:label1\" content=\"Gesch\u00e4tzte Lesezeit\" \/>\n\t<meta name=\"twitter:data1\" content=\"3\u00a0Minuten\" \/>\n<script type=\"application\/ld+json\" class=\"yoast-schema-graph\">{\"@context\":\"https:\\\/\\\/schema.org\",\"@graph\":[{\"@type\":\"WebPage\",\"@id\":\"https:\\\/\\\/dogsandfoods.com\\\/index.php\\\/willkommen-auf-dogs-and-foods\\\/meine-vision-meine-werte-und-meine-ziele\\\/\",\"url\":\"https:\\\/\\\/dogsandfoods.com\\\/index.php\\\/willkommen-auf-dogs-and-foods\\\/meine-vision-meine-werte-und-meine-ziele\\\/\",\"name\":\"Meine Vision, meine Werte und meine Ziele\",\"isPartOf\":{\"@id\":\"https:\\\/\\\/dogsandfoods.com\\\/#website\"},\"primaryImageOfPage\":{\"@id\":\"https:\\\/\\\/dogsandfoods.com\\\/index.php\\\/willkommen-auf-dogs-and-foods\\\/meine-vision-meine-werte-und-meine-ziele\\\/#primaryimage\"},\"image\":{\"@id\":\"https:\\\/\\\/dogsandfoods.com\\\/index.php\\\/willkommen-auf-dogs-and-foods\\\/meine-vision-meine-werte-und-meine-ziele\\\/#primaryimage\"},\"thumbnailUrl\":\"https:\\\/\\\/dogsandfoods.com\\\/wp-content\\\/uploads\\\/2024\\\/06\\\/51281719-E07E-4478-B090-C9D8761B5051.png\",\"datePublished\":\"2024-07-16T13:18:34+00:00\",\"dateModified\":\"2025-01-01T11:02:08+00:00\",\"description\":\"M\u00f6chtest du wissen, welche sind Meine Vision, meine Werte und meine Ziele? In diesem Blogartikel erz\u00e4hle ich, was mich im Berufsalltag bewegt\",\"breadcrumb\":{\"@id\":\"https:\\\/\\\/dogsandfoods.com\\\/index.php\\\/willkommen-auf-dogs-and-foods\\\/meine-vision-meine-werte-und-meine-ziele\\\/#breadcrumb\"},\"inLanguage\":\"de-CH\",\"potentialAction\":[{\"@type\":\"ReadAction\",\"target\":[\"https:\\\/\\\/dogsandfoods.com\\\/index.php\\\/willkommen-auf-dogs-and-foods\\\/meine-vision-meine-werte-und-meine-ziele\\\/\"]}]},{\"@type\":\"ImageObject\",\"inLanguage\":\"de-CH\",\"@id\":\"https:\\\/\\\/dogsandfoods.com\\\/index.php\\\/willkommen-auf-dogs-and-foods\\\/meine-vision-meine-werte-und-meine-ziele\\\/#primaryimage\",\"url\":\"https:\\\/\\\/dogsandfoods.com\\\/wp-content\\\/uploads\\\/2024\\\/06\\\/51281719-E07E-4478-B090-C9D8761B5051.png\",\"contentUrl\":\"https:\\\/\\\/dogsandfoods.com\\\/wp-content\\\/uploads\\\/2024\\\/06\\\/51281719-E07E-4478-B090-C9D8761B5051.png\",\"width\":320,\"height\":181,\"caption\":\"Meine Vision, meine Werte, meine Ziele\"},{\"@type\":\"BreadcrumbList\",\"@id\":\"https:\\\/\\\/dogsandfoods.com\\\/index.php\\\/willkommen-auf-dogs-and-foods\\\/meine-vision-meine-werte-und-meine-ziele\\\/#breadcrumb\",\"itemListElement\":[{\"@type\":\"ListItem\",\"position\":1,\"name\":\"Home\",\"item\":\"https:\\\/\\\/dogsandfoods.com\\\/\"},{\"@type\":\"ListItem\",\"position\":2,\"name\":\"Willkommen auf DOGS AND FOODS &#8211; die Hundeern\u00e4hrung mit Herz und Verstand\",\"item\":\"https:\\\/\\\/dogsandfoods.com\\\/index.php\\\/willkommen-auf-dogs-and-foods\\\/\"},{\"@type\":\"ListItem\",\"position\":3,\"name\":\"Meine Vision &#8211; meine Werte und meine Ziele\"}]},{\"@type\":\"WebSite\",\"@id\":\"https:\\\/\\\/dogsandfoods.com\\\/#website\",\"url\":\"https:\\\/\\\/dogsandfoods.com\\\/\",\"name\":\"dogsandfoods.com\",\"description\":\"Gesunde nat\u00fcrliche Hundeern\u00e4hrung\",\"publisher\":{\"@id\":\"https:\\\/\\\/dogsandfoods.com\\\/#organization\"},\"potentialAction\":[{\"@type\":\"SearchAction\",\"target\":{\"@type\":\"EntryPoint\",\"urlTemplate\":\"https:\\\/\\\/dogsandfoods.com\\\/?s={search_term_string}\"},\"query-input\":{\"@type\":\"PropertyValueSpecification\",\"valueRequired\":true,\"valueName\":\"search_term_string\"}}],\"inLanguage\":\"de-CH\"},{\"@type\":\"Organization\",\"@id\":\"https:\\\/\\\/dogsandfoods.com\\\/#organization\",\"name\":\"Dogs and Foods\",\"url\":\"https:\\\/\\\/dogsandfoods.com\\\/\",\"logo\":{\"@type\":\"ImageObject\",\"inLanguage\":\"de-CH\",\"@id\":\"https:\\\/\\\/dogsandfoods.com\\\/#\\\/schema\\\/logo\\\/image\\\/\",\"url\":\"\",\"contentUrl\":\"\",\"caption\":\"Dogs and Foods\"},\"image\":{\"@id\":\"https:\\\/\\\/dogsandfoods.com\\\/#\\\/schema\\\/logo\\\/image\\\/\"}}]}<\/script>\n<!-- \/ Yoast SEO plugin. -->","yoast_head_json":{"title":"Meine Vision, meine Werte und meine Ziele","description":"M\u00f6chtest du wissen, welche sind Meine Vision, meine Werte und meine Ziele? In diesem Blogartikel erz\u00e4hle ich, was mich im Berufsalltag bewegt","robots":{"index":"index","follow":"follow","max-snippet":"max-snippet:-1","max-image-preview":"max-image-preview:large","max-video-preview":"max-video-preview:-1"},"canonical":"https:\/\/dogsandfoods.com\/index.php\/willkommen-auf-dogs-and-foods\/meine-vision-meine-werte-und-meine-ziele\/","og_locale":"de_DE","og_type":"article","og_title":"Meine Vision, meine Werte und meine Ziele","og_description":"M\u00f6chtest du wissen, welche sind Meine Vision, meine Werte und meine Ziele? In diesem Blogartikel erz\u00e4hle ich, was mich im Berufsalltag bewegt","og_url":"https:\/\/dogsandfoods.com\/index.php\/willkommen-auf-dogs-and-foods\/meine-vision-meine-werte-und-meine-ziele\/","og_site_name":"DOGS AND FOODS","article_modified_time":"2025-01-01T11:02:08+00:00","og_image":[{"width":320,"height":181,"url":"https:\/\/dogsandfoods.com\/wp-content\/uploads\/2024\/06\/51281719-E07E-4478-B090-C9D8761B5051.png","type":"image\/png"}],"twitter_card":"summary_large_image","twitter_misc":{"Gesch\u00e4tzte Lesezeit":"3\u00a0Minuten"},"schema":{"@context":"https:\/\/schema.org","@graph":[{"@type":"WebPage","@id":"https:\/\/dogsandfoods.com\/index.php\/willkommen-auf-dogs-and-foods\/meine-vision-meine-werte-und-meine-ziele\/","url":"https:\/\/dogsandfoods.com\/index.php\/willkommen-auf-dogs-and-foods\/meine-vision-meine-werte-und-meine-ziele\/","name":"Meine Vision, meine Werte und meine Ziele","isPartOf":{"@id":"https:\/\/dogsandfoods.com\/#website"},"primaryImageOfPage":{"@id":"https:\/\/dogsandfoods.com\/index.php\/willkommen-auf-dogs-and-foods\/meine-vision-meine-werte-und-meine-ziele\/#primaryimage"},"image":{"@id":"https:\/\/dogsandfoods.com\/index.php\/willkommen-auf-dogs-and-foods\/meine-vision-meine-werte-und-meine-ziele\/#primaryimage"},"thumbnailUrl":"https:\/\/dogsandfoods.com\/wp-content\/uploads\/2024\/06\/51281719-E07E-4478-B090-C9D8761B5051.png","datePublished":"2024-07-16T13:18:34+00:00","dateModified":"2025-01-01T11:02:08+00:00","description":"M\u00f6chtest du wissen, welche sind Meine Vision, meine Werte und meine Ziele? In diesem Blogartikel erz\u00e4hle ich, was mich im Berufsalltag bewegt","breadcrumb":{"@id":"https:\/\/dogsandfoods.com\/index.php\/willkommen-auf-dogs-and-foods\/meine-vision-meine-werte-und-meine-ziele\/#breadcrumb"},"inLanguage":"de-CH","potentialAction":[{"@type":"ReadAction","target":["https:\/\/dogsandfoods.com\/index.php\/willkommen-auf-dogs-and-foods\/meine-vision-meine-werte-und-meine-ziele\/"]}]},{"@type":"ImageObject","inLanguage":"de-CH","@id":"https:\/\/dogsandfoods.com\/index.php\/willkommen-auf-dogs-and-foods\/meine-vision-meine-werte-und-meine-ziele\/#primaryimage","url":"https:\/\/dogsandfoods.com\/wp-content\/uploads\/2024\/06\/51281719-E07E-4478-B090-C9D8761B5051.png","contentUrl":"https:\/\/dogsandfoods.com\/wp-content\/uploads\/2024\/06\/51281719-E07E-4478-B090-C9D8761B5051.png","width":320,"height":181,"caption":"Meine Vision, meine Werte, meine Ziele"},{"@type":"BreadcrumbList","@id":"https:\/\/dogsandfoods.com\/index.php\/willkommen-auf-dogs-and-foods\/meine-vision-meine-werte-und-meine-ziele\/#breadcrumb","itemListElement":[{"@type":"ListItem","position":1,"name":"Home","item":"https:\/\/dogsandfoods.com\/"},{"@type":"ListItem","position":2,"name":"Willkommen auf DOGS AND FOODS &#8211; die Hundeern\u00e4hrung mit Herz und Verstand","item":"https:\/\/dogsandfoods.com\/index.php\/willkommen-auf-dogs-and-foods\/"},{"@type":"ListItem","position":3,"name":"Meine Vision &#8211; meine Werte und meine Ziele"}]},{"@type":"WebSite","@id":"https:\/\/dogsandfoods.com\/#website","url":"https:\/\/dogsandfoods.com\/","name":"dogsandfoods.com","description":"Gesunde nat\u00fcrliche Hundeern\u00e4hrung","publisher":{"@id":"https:\/\/dogsandfoods.com\/#organization"},"potentialAction":[{"@type":"SearchAction","target":{"@type":"EntryPoint","urlTemplate":"https:\/\/dogsandfoods.com\/?s={search_term_string}"},"query-input":{"@type":"PropertyValueSpecification","valueRequired":true,"valueName":"search_term_string"}}],"inLanguage":"de-CH"},{"@type":"Organization","@id":"https:\/\/dogsandfoods.com\/#organization","name":"Dogs and Foods","url":"https:\/\/dogsandfoods.com\/","logo":{"@type":"ImageObject","inLanguage":"de-CH","@id":"https:\/\/dogsandfoods.com\/#\/schema\/logo\/image\/","url":"","contentUrl":"","caption":"Dogs and Foods"},"image":{"@id":"https:\/\/dogsandfoods.com\/#\/schema\/logo\/image\/"}}]}},"_links":{"self":[{"href":"https:\/\/dogsandfoods.com\/index.php\/wp-json\/wp\/v2\/pages\/1445","targetHints":{"allow":["GET"]}}],"collection":[{"href":"https:\/\/dogsandfoods.com\/index.php\/wp-json\/wp\/v2\/pages"}],"about":[{"href":"https:\/\/dogsandfoods.com\/index.php\/wp-json\/wp\/v2\/types\/page"}],"author":[{"embeddable":true,"href":"https:\/\/dogsandfoods.com\/index.php\/wp-json\/wp\/v2\/users\/2"}],"replies":[{"embeddable":true,"href":"https:\/\/dogsandfoods.com\/index.php\/wp-json\/wp\/v2\/comments?post=1445"}],"version-history":[{"count":1,"href":"https:\/\/dogsandfoods.com\/index.php\/wp-json\/wp\/v2\/pages\/1445\/revisions"}],"predecessor-version":[{"id":2704,"href":"https:\/\/dogsandfoods.com\/index.php\/wp-json\/wp\/v2\/pages\/1445\/revisions\/2704"}],"up":[{"embeddable":true,"href":"https:\/\/dogsandfoods.com\/index.php\/wp-json\/wp\/v2\/pages\/81"}],"wp:featuredmedia":[{"embeddable":true,"href":"https:\/\/dogsandfoods.com\/index.php\/wp-json\/wp\/v2\/media\/582"}],"wp:attachment":[{"href":"https:\/\/dogsandfoods.com\/index.php\/wp-json\/wp\/v2\/media?parent=1445"}],"curies":[{"name":"wp","href":"https:\/\/api.w.org\/{rel}","templated":true}]}}